+ 3 + 15).
2, 1613
Let x(r) = 30*r - 125. Suppose -80*k + 100 = -70*k. What are the prime factors of x(k)?
5, 7
Let x = 106128 + -48724. What are the prime factors of x?
2, 113, 127
Let n(y) = 2*y**3 - 231*y**2 + 117*y - 230. Let q be n(115). Let z = 5 - 3. What are the prime factors of (4 + z - 2) + 81 + q?
5, 17
Suppose -20*u - 40787 = -171347. List the prime factors of u.
2, 3, 17
Let l = -769 - -771. Let q(x) = 584*x + 35. What are the prime factors of q(l)?
3, 401
Suppose -136*m + 561708 = -3948596. What are the prime factors of m?
2, 8291
Let x(n) = 3*n**2 - 37*n - 22. Suppose 0 = 6*t + 12 + 42. What are the prime factors of x(t)?
2, 277
Suppose -207 = -5*s - 197. Let b be 388/(-2)*(-2)/4. Suppose r = -4*h + b, 2*h = s*r - 4*r + 206. List the prime factors of r.
3, 5, 7
Let y = 19 - -109. Let q = y + 38. Suppose 2*a - 2*b - 2*b = q, 3*a = 5*b + 250. List the prime factors of a.
5, 17
Suppose -5*c - o = 453, -o + 14 = 12. What are the prime factors of 26/c + (-10733)/(-7)?
3, 7, 73
Let g be 0 + 3 + 0/(-3). Suppose -g*t + 0*t = 2*t. List the prime factors of (0 - t) + -4 + (3 - -70).
3, 23
Suppose 0 = -3*g + 3, -2*a + 2*g + 7 = -7. Suppose 0 = -2*h - 2*h + a. Let q(d) = 37*d**2 - 5*d + 9. What are the prime factors of q(h)?
3, 7
Suppose y + 4*n = 4147, -8270 = 48*y - 50*y - 2*n. What are the prime factors of y?
3, 17
Let q be -260 - (-14 - -11)/(3/(-4)). Let t(i) = 2*i + 15. Let u be t(-10). List the prime factors of q/u + (-24)/30.
2, 13
Let h = 21 - -2. Let d be ((-360)/(-25) - -2)/(15/75). Suppose -m + d = -h. List the prime factors of m.
3, 5, 7
Let t = -2267 - -3790. Let j = -732 + t. What are the prime factors of j?
7, 113
Let n(r) = 169*r**2 - 33*r + 181. List the prime factors of n(6).
6067
Suppose -13*y = -17*y + 16. Let c(o) = 3*o**3 - 4*o**2 + 8*o - 4. What are the prime factors of c(y)?
2, 3, 13
Suppose -2*n + y - 27 = 0, 3*y - 19 = n + 2. Let j(q) = -62*q + 151. What are the prime factors of j(n)?
5, 179
Let p = -9 - -10. List the prime factors of p/((-357)/358 - (3 + -4)).
2, 179
Suppose 185 = -2*l + 835. Let d = l - 146. List the prime factors of d.
179
Let n(k) = 847*k**2 + 424*k - 2512. List the prime factors of n(6).
2, 13, 587
Let g(b) = -b**3 - 13*b**2 + 10*b + 4. Let a be g(-14). List the prime factors of (-15)/a - ((-761)/4 + 2).
2, 47
Let y = 370 - -3195. What are the prime factors of y?
5, 23, 31
Let u(g) = 3*g**3 - 2*g**2 - g. Let k be u(4). Suppose 0 = 11*q - 15*q + k. Suppose -4*v - 3*b = -57, -5*b + 2*b - q = -4*v. What are the prime factors of v?
2, 3
What are the prime factors of (-49952)/(-10) + (-2 - -10 - (-540)/(-75))?
2, 1249
Let t be (-255)/34*(-40)/6. Let g be (2/1)/(10/t). What are the prime factors of g*(-2)/20*-6?
2, 3
Suppose 2*f + 2 = 0, 2*g + 66*f - 68*f - 3112 = 0. Let r = 3088 - g. What are the prime factors of r?
3, 7, 73
Suppose 12*d + z + 25063 = 14*d, 0 = 2*z - 6. List the prime factors of d.
83, 151
Let d = 17 - 12. Suppose 0 = -d*r + 2*r + 2673. Suppose -5*n + 2*s + r = 0, -2*n - 2*s + 364 = s. What are the prime factors of n?
179
Suppose -218 = 9*b - 1298. List the prime factors of 6/(-4) + 33900/b.
281
Let b(a) = 58*a**2 - 63*a - 27. List the prime factors of b(-21).
2, 3, 1493
Let c = -5343 - -5342. Suppose -24 - 24 = 4*o. What are the prime factors of (o/3 - c) + 48?
3, 5
Suppose -3*b + 2 = c, -4*b = 5*c - 6*b - 10. Suppose c*h - 603 = -167. What are the prime factors of h?
2, 109
Let u be (-257245)/(-115) + (-4)/(-46). Suppose 0 = -19*a + u + 309. What are the prime factors of a?
2, 67
Let m be (0 - 9/(-12)) + 147/28. Let g(z) = 5*z**2 + 7*z - 21. List the prime factors of g(m).
3, 67
Let u = -16 + 20. Suppose -6*l = -2 - u. What are the prime factors of (4 - l)/((-5)/(-15))?
3
Let l = -450 + 452. Suppose -4*k = 2*o - 14, -2*k = 2*k - o - 11. Suppose 3*b + t - 697 = -80, 0 = k*b - l*t - 620. What are the prime factors of b?
2, 103
Suppose d = -0*d - 3. Let c be (-127)/(-127)*(-4)/(4/9). What are the prime factors of d*1/c - 1585/(-15)?
2, 53
Let y(h) = 254*h + 1543. What are the prime factors of y(32)?
19, 509
List the prime factors of (4/(-3))/(19/(-228)*2/25).
2, 5
Suppose 6*c + 54 = -5*b + 9*c, 3*b = c - 34. Let x be 2724/16 + 3/b. List the prime factors of (54/15 + -4)/((-2)/x).
2, 17
Let y = 13 - 9. Suppose y*i - 2*i - 4 = f, 3*f + 4*i + 12 = 0. What are the prime factors of (75/(-20) - -3) + (-339)/f?
2, 3, 7
Let x be (0 + -1 + (-11)/(-1))*-313. Let n = -1985 - x. What are the prime factors of n?
5, 229
Let m be (4 - (-1208)/16)*28/6. Let x = 197 + m. List the prime factors of x.
2, 71
Suppose 2*t + 4 = 5*o - 13, -4*o + 40 = 5*t. Suppose -4*r = 2*q - 2128, -t*r = -0*r - 3*q - 2108. What are the prime factors of r?
2, 5, 53
Let p = 16469 - 14618. What are the prime factors of p?
3, 617
Let o(k) = 2*k**3 - k**2 - 6*k - 3. Let r(s) = -6*s**3 + 6*s**2 + 23*s + 18. Let q(y) = -5*o(y) - r(y). Let j be -4 - 1*(1 - 2). List the prime factors of q(j).
3, 5
Suppose -972 = -3*p + 3*t, 2*p = -4*t - 285 + 915. List the prime factors of p.
3, 107
Suppose -260922 = -3*l - 5*p, 3*p + 1873 = 4*l - 345994. List the prime factors of l.
86969
Suppose 9*o - 19*o = -140. Let a(v) = 42*v - 111. What are the prime factors of a(o)?
3, 53
Suppose 156825 = 17*x - 111622. List the prime factors of x.
15791
Let q(m) = -m**3 - 14*m**2 + 15*m. Let v be q(-15). Suppose -6*t + 7*t - 5 = v. Suppose -y + t*o = 4*o - 25, -2*o = -5*y + 113. What are the prime factors of y?
3, 7
Suppose -14*i - 40 = -22*i. Suppose -2556 = -i*g + 1419. What are the prime factors of (4/6)/(5/g)?
2, 53
Suppose -37995 = -21*r - 5886. Let c = 2602 - r. List the prime factors of c.
29, 37
Let q = 127654 - 83495. List the prime factors of q.
44159
Let v be (3 - 2 - 0/3)*2. Suppose 5992 = 9*d - v*d. List the prime factors of d.
2, 107
Suppose -1648 = -100*i + 108*i. Let p = 1884 + i. List the prime factors of p.
2, 839
Let v(z) = 321*z - 613. What are the prime factors of v(24)?
7, 1013
What are the prime factors of (2 + 2771)*(-4 - -6)?
2, 47, 59
Let g = -15124 + 15295. List the prime factors of g.
3, 19
Let l = 264 - 260. Suppose 0 = -3*i - l*o + 2186, i = 2*i - o - 717. What are the prime factors of i?
2, 19
Let j(z) be the third derivative of 65*z**4/6 + 41*z**3/6 - 2*z**2 - 2. List the prime factors of j(3).
821
Let f = 879 - 597. Suppose -3*u + b = -4, -u + 0*b = -4*b + 17. Suppose -f = -9*a + u*a. What are the prime factors of a?
47
Let f(z) = -6059*z - 9437. What are the prime factors of f(-10)?
3, 17, 59
Let l(s) = 10*s**2 - 32*s + 251. Let q be l(12). Suppose -18*r = -15847 - q. What are the prime factors of r?
953
Suppose -4565*d + 4580*d = 264465. What are the prime factors of d?
3, 653
Let c(z) = -z**3 - 7*z**2 - 7*z + 10. Let x(t) = t - 23. Let y be x(20). Let h(o) = 2*o - 2. Let n be h(y). List the prime factors of c(n).
2, 5, 13
Let k be 3 + 1/(2/54). Let p be 12/k + (-18)/(-5). List the prime factors of p + -4 - (-88 + 0).
2, 11
Let y(f) = -f**3 - 18*f**2 + 38*f - 26. Let h be y(-20). List the prime factors of 26/6 + (196/21)/h.
5
Let p(d) = -2*d**2 - 16*d + 2. Let v be p(-4). Let q(o) = 20 + 6 - v*o + 4 + 11. List the prime factors of q(-6).
5, 7
Let z be (7 - (-301)/(-21))*-45. Let p = 964 - z. What are the prime factors of p?
2, 317
Let b be (-4)/(-10) + 126/35. List the prime factors of b/14 + (4681/7 - -1).
2, 5, 67
Suppose -9*o + 2*o + 52463 = 16*o. List the prime factors of o.
2281
Suppose 0 = 3*v - 1791 - 117. Suppose 0 = -10*d + 864 + v. List the prime factors of d.
2, 3, 5
Let w(c) = 4*c + 32. Let h be w(-4). Suppose 10329 - 537 = h*i. List the prime factors of i.
2, 3, 17
Let u = -142 + -130. Let s = u + 1143. List the prime factors of s.
13, 67
Suppose 0 = 7*y - 3*y - 16. Suppose 2*d + 47 = 2*p - 519, -2*p = y*d - 590. Let q = p + -169. What are the prime factors of q?
2, 59
Suppose -3*b = 5*p - 74065, 5*b - 25188 = -4*p + 34051. List the prime factors of p.
2, 463
Let g(w) = -16*w + 49. Let r be g(-35). Let a = 836 - r. List the prime factors of a.
227
Suppose -z + 0 = -2. Suppose 5*n = z*f + 2*f + 27, n + 5*f = 17. Suppose n*w = 741 - 41. What are the prime factors of w?
2, 5
Suppose -3*s = -2*t + 8990, 1672 = 2*t - 5*s - 7330. What are the prime factors of t?
2, 2243
Let s = 251 - 224. Suppose -3601 = -s